 6) in base 7?
-1123252
Convert 858837 (base 10) to base 4.
3101223111
What is -311545 (base 6) in base 15?
-764e
2168641 (base 13) to base 6
1002535144
-333032000331 (base 4) to base 3
-1011011222011110
-421421114 (base 5) to base 15
-248024
Convert 273125 (base 8) to base 7.
546246
What is -50ae0 (base 16) in base 6?
-11025532
Convert -1dec8 (base 15) to base 3.
-11222012122
What is 859e9 (base 15) in base 11?
26a713
Convert 12022112201002 (base 3) to base 5.
1210403030
23212221101 (base 4) to base 8
13465121
-2d34e5 (base 16) to base 11
-1743989
44a539 (base 15) to base 11
1937559
24646540 (base 8) to base 3
101021100202011
What is 1334035102 (base 6) in base 15?
163e8c2
Convert -1ccb69 (base 13) to base 5.
-142223320
Convert -1300544 (base 6) to base 9.
-116251
Convert -272351 (base 8) to base 3.
-11211221202
Convert -3001303304 (base 5) to base 11.
-335a3a5
Convert 401104 (base 6) to base 3.
1121000111
Convert -5a1b4 (base 12) to base 2.
-11101100110011000
-340122404 (base 5) to base 7
-15441261
-1110101011010 (base 2) to base 6
-54442
Convert 1623460 (base 7) to base 13.
7b29b
Convert -1023450 (base 7) to base 6.
-2352423
25a0340 (base 11) to base 4
101021131122
Convert 203300 (base 6) to base 13.
7566
68b50 (base 16) to base 9
723273
150052d (base 15) to base 13
31ba4a1
Convert -218510a (base 11) to base 2.
-1110100110100101110111
Convert -160f9 (base 16) to base 8.
-260371
What is 3b67 (base 16) in base 3?
202212020
11001110100100001110111 (base 2) to base 8
31644167
Convert -206405401 (base 7) to base 13.
-271a866
Convert 63021656 (base 7) to base 12.
1936b45
What is -3453259 (base 10) in base 6?
-202003151
Convert 1221056 (base 7) to base 13.
56297
What is -120122223 (base 4) in base 10?
-100011
What is -2764172 (base 9) in base 15?
-1eee88
Convert -280bab (base 15) to base 14.
-382070
What is 5757 (base 8) in base 7?
11623
What is -61ea1 (base 15) in base 2?
-1001011110010011010
-37210b (base 12) to base 3
-1200111001202
What is 156454 (base 7) in base 5?
1443410
-1112111221 (base 3) to base 12
-15621
110100011000001010 (base 2) to base 10
214538
What is 9810d (base 15) in base 10?
482863
What is 286182 (base 14) in base 5?
324243000
Convert 1559176 (base 10) to base 6.
53230224
What is -b16018 (base 12) in base 8?
-12436624
Convert -33033322 (base 5) to base 14.
-754c3
-3ccc1 (base 13) to base 5
-12123412
What is -1048651 (base 10) in base 13?
-2a9406
What is -c8041b (base 14) in base 5?
-3212341100
Convert 2263a (base 14) to base 11.
57853
Convert 291f2 (base 16) to base 9.
276038
Convert 4207443 (base 8) to base 6.
35543511
Convert 12124501 (base 6) to base 2.
1011101111010010101
Convert 12514408 (base 9) to base 3.
102120111110022
What is -122202200101 (base 3) in base 6?
-11254531
What is -60234552 (base 7) in base 16?
-4c0bb1
30341433 (base 5) to base 3
110112010101
-1535145 (base 8) to base 5
-103102213
Convert 16655534 (base 9) to base 14.
1179947
531138 (base 9) to base 16
4d17d
-187529b (base 14) to base 10
-12115289
10000100010010111110000 (base 2) to base 13
b8a254
What is -4ec40 (base 16) in base 5?
-40310444
What is -20251 (base 7) in base 10?
-4936
-15614306 (base 8) to base 5
-1411021242
20662225 (base 7) to base 16
1ae741
-223421 (base 6) to base 7
-106150
What is 23be40 (base 16) in base 14?
44d94c
1c686 (base 15) to base 10
92601
100000110110010001110 (base 2) to base 5
233420431
Convert -d703d (base 14) to base 6.
-15041131
Convert -2416506 (base 7) to base 11.
-19a916
-3725a (base 12) to base 9
-123367
Convert 6e1ce6 (base 16) to base 5.
3321410413
What is -406757 (base 11) in base 7?
-5360036
-4552252 (base 7) to base 9
-1054357
2d2f95 (base 16) to base 4
23102332111
-2412340 (base 5) to base 4
-22322300
What is 31021321211 (base 4) in base 3?
20111012100022
-373bb (base 13) to base 15
-20218
What is -450064 (base 12) in base 16?
-10c54c
-5505222 (base 8) to base 4
-11220222102
10000000101001100110 (base 2) to base 12
214b46
-10023223132 (base 4) to base 11
-689830
115460564 (base 7) to base 2
11011101100000110010010
What is -1454002 (base 13) in base 4?
-120222001120
11011100221 (base 3) to base 9
134327
-720cb (base 14) to base 10
-274579
10000110100110 (base 2) to base 13
3bc8
Convert -263060 (base 9) to base 8.
-467731
92954 (base 13) to base 16
40379
Convert 67138 (base 12) to base 2.
100001010111111100
What is -231230 (base 6) in base 8?
-46442
-10223011211 (base 4) to base 7
-13261415
Convert 24252314 (base 6) to base 15.
102d1d
What is -11010101110011101 (base 2) in base 5?
-12000334
Convert -35220151 (base 6) to base 11.
-685a00
435 (base 16) to base 6
4553
-6a33b (base 12) to base 5
-14022200
Convert -249b28 (base 13) to base 11.
-550033
130445335 (base 6) to base 15
357918
What is -17a21 (base 16) in base 5?
-11044201
What is -41663 (base 12) in base 3?
-11100102210
Convert 150114530 (base 6) to base 9.
5727810
Convert -213444 (base 6) to base 5.
-1031133
Convert -134555220 (base 6) to base 8.
-12400074
-255522204 (base 6) to base 8
-23150274
What is -243137 (base 14) in base 4?
-10232030131
22323101 (base 5) to base 7
1454536
Convert 1a09 (base 13) to base 11.
2a22
What is 22014032 (base 5) in base 13?
67b2c
Convert -738636 (base 12) to base 13.
-4b8aba
What is 5aab1 (base 15) in base 2?
1000110101000001011
What is 1202300 (base 6) in base 14?
18c20
What is 2842783 (base 10) in base 2?
1010110110000010011111
-224553 (base 11) to base 4
-1113033323
What is 1acb2 (base 13) in base 11?
36663
Convert 893aa (base 13) to base 2.
111100110001001100
13001445 (base 6) to base 5
101422133
What is 31720b8 (base 12) in base 13?
1c27424
Convert -12124030 (base 5) to base 14.
-2d8db
Convert -982129 (base 11) to base 16.
-17f279
What is 716241 (base 9) in base 12?
185791
Convert -1020d6d (base 14) to base 4.
-131001222311
Convert 1001202111100 (base 3) to base 8.
2121460
Convert -12020002220102 (base 3) to base 7.
-32415302
Convert -155285 (base 13) to base 4.
-2000103122
Convert 19b6b1 (base 12) to base 16.
6f325
What is 2211102012112 (base 3) in base 4?
11233031030
-134900 (base 11) to base 13
-752a7
-430402122 (base 5) to base 12
-733312
Convert -4c49d1 (base 14) to base 12.
-a67277
What is 1370306 (base 9) in base 13?
20570a
Convert c8e62 (base 15) to base 10.
637742
-1e021 (base 15) to base 7
-555304
What is 1067537 (base 14) in base 12?
2732579
13333141 (base 5) to base 15
2a766
Convert 17a494 (base 16) to base 11.
969150
1010010110000101011000 (base 2) to base 3
12002210000121
What is 1193768 (base 12) in base 14?
653248
What is 220032213330 (base 4) in base 8?
50164774
-3361aa9 (base 11) to base 14
-ad3c7c
What is -3130742 (base 8) in base 13?
-2318b9
Convert -2551528 (base 9) to base 8.
-5236734
-212212002 (base 3) to base 10
-17390
149ac (base 15) to base 9
110860
Convert -a283 (base 15) to base 10.
-34323
-1132531 (base 7) to base 5
-14030422
Convert 76831 (base 9) to base 7.
301423
Convert -724908 (base 11) to base 5.
-244204220
-1101001001111000000 (base 2) to base 11
-274935
3645a4 (base 12) to base 5
211104133
Convert -13323032 (base 4) to base 6.
-410142
What is -176064 (base 10) in base 2?
-101010111111000000
What is b945b (base 14) in base 15?
8cbac
What is 100652234 (base 7) in base 16?
59b2b9
What is -b0378 (base 12) in base 11?
-146847
Convert 11010010111001000000111 (base 2) to base 11.
399aa37
Convert 10011110100100111000000 (base 2) to base 12.
18a70a8
711903 (base 12) to base 9
3280833
Convert -20012220212 (base 3) to base 4.
-131320232
22122022020120 (base 3) to base 6
242231540
Convert b797b1 (base 13) to base 14.
800d7c
Convert 40401411 (base 5) to base 6.
10545411
What is 100011100011010111 (base 2) in base 10?
145623
-2990735 (base 13) to base 14
-1a9000b
Convert 2b759 (base 12) to base 16.
f075
Convert 20b09 (base 12) to base 13.
167a9
What is -13886740 (base 9) in base 14?
-cbb27b
-1533232 (base 6) to base 13
-32069
-a2906 (base 15) to base 14
-d599d
-104502 (base 8) to base 5
-2111023
Convert -13021404 (base 5) to base 11.
-87031
What is 301758 (base 12) in base 9?
1361755
What is 4c29f (base 16) in base 12?
130653
Convert 4143153 (base 6) to base 3.
101011202120
Convert -3221233234 (base 5) to base 16.
-6814cd
-9cb43 (base 16) to base 14
-129cb1
2122100202110 (base 3) to base